
21101330
In base 7, what is -1 + -2510322403?
-2510322404
In base 15, what is -3d49 + -4989?
-87d3
In base 10, what is 11 - -5054162?
5054173
In base 4, what is -2120131003 - -301?
-2120130102
In base 6, what is 5041 + -34353?
-25312
In base 7, what is 262521 - -14024?
306545
In base 2, what is 100 - -111111010111001010001001?
111111010111001010001101
In base 15, what is 25d - -4ba9?
4e17
In base 3, what is -10011210220102 + -2112?
-10011210222221
In base 11, what is -1091640a - -4?
-10916406
In base 2, what is 100100011110001000 - 1110001?
100100011100010111
In base 13, what is 387c - -24?
38a3
In base 2, what is -100111 + -110111111011100110?
-110111111100001101
In base 6, what is 3022 - -303143?
310205
In base 3, what is -2 - 2210121211111?
-2210121211120
In base 7, what is 25231 - 150?
25051
In base 11, what is 4a - -19490a5?
1949144
In base 3, what is 1020102110 - 1000100?
1012102010
In base 2, what is -100010 - -10110101110010?
10110101010000
In base 14, what is -2 - -65473a1?
654739d
In base 3, what is 20121 - 100111212021?
-100111121200
In base 9, what is 67465 + 16?
67482
In base 2, what is 1110111000 + 11101011011000?
11111010010000
In base 13, what is -20381 + -1b1?
-20562
In base 13, what is 56890 - 439?
56454
In base 3, what is -2020012 - 21101202201?
-21110222220
In base 11, what is -15 - 1a8750?
-1a8765
In base 12, what is 39 - 4270351?
-4270314
In base 14, what is -3 - cc2407b?
-cc24080
In base 14, what is 5 + 84b4cb?
84b4d2
In base 14, what is 62 - -4cb816?
4cb878
In base 7, what is -40 - 206344155?
-206344225
In base 13, what is -48a3692c + -5?
-48a36934
In base 5, what is -340221124 + -11?
-340221140
In base 15, what is -2ee9b8e + -5?
-2ee9b94
In base 2, what is 10101010 - 11100110111010011?
-11100110100101001
In base 10, what is -145 + 9098?
8953
In base 4, what is 210 + 3301211303?
3301212113
In base 5, what is 2433404 - -221344?
3210303
In base 8, what is -50 - -250631?
250561
In base 9, what is -8431 - 13770?
-23311
In base 14, what is -131b1073 - -5?
-131b106c
In base 11, what is -21aa832 - 188?
-21aaa0a
In base 11, what is -21a82 + -521?
-224a3
In base 9, what is -1862 + 308124?
306152
In base 10, what is 478 + -3890?
-3412
In base 4, what is -213102103 + -1100?
-213103203
In base 15, what is 6c - -115a7?
11624
In base 2, what is 11010101101000010100 + 100110001?
11010101101101000101
In base 4, what is -112320020 + 2223?
-112311131
In base 6, what is 141510514 - -31?
141510545
In base 12, what is 8164a + 764?
821b2
In base 10, what is -1303 + 4317?
3014
In base 16, what is 101 - 3be98?
-3bd97
In base 4, what is -121132113210130 - 1?
-121132113210131
In base 6, what is 15321041012 - -2?
15321041014
In base 9, what is 171 + 7258004?
7258175
In base 14, what is -26dc0152 + 3?
-26dc014d
In base 16, what is 5b71d25 - 2?
5b71d23
In base 9, what is -11054 + 8583?
-1361
In base 9, what is 24288136 + 7?
24288144
In base 7, what is 1206 - -503041?
504250
In base 10, what is -225199 - 22?
-225221
In base 14, what is 1c7 - -1ad16?
1b0dd
In base 13, what is -163433c - -5?
-1634337
In base 7, what is -40 + 353612333?
353612263
In base 3, what is -12 - 220101201021021?
-220101201021110
In base 3, what is -10200020211100 + 12?
-10200020211011
In base 5, what is -23 - 2143333?
-2143411
In base 2, what is 11011011101 - 101011001111011000?
-101010110011111011
In base 2, what is 1010110110 - -1010100110100?
1011111101010
In base 8, what is 1032722366 - 2?
1032722364
In base 14, what is -d + -8c66ad?
-8c66bc
In base 11, what is 141838 - -14?
141851
In base 5, what is -4 + 24420210302?
24420210243
In base 3, what is -11 - -22002121021122010?
22002121021121222
In base 14, what is 5d98 + -bab?
51cb
In base 8, what is 4677071707 + 2?
4677071711
In base 6, what is 124422 + 502143?
1031005
In base 5, what is 41 + 323103200?
323103241
In base 9, what is -33 + -154423?
-154456
In base 8, what is 565174665 - 2?
565174663
In base 12, what is -236487 + -8?
-236493
In base 7, what is -415452 + -45?
-415530
In base 3, what is -120001120002101010 - -2?
-120001120002101001
In base 3, what is 1022 + -2010111110?
-2010110011
In base 15, what is -1b92 - -1ac3?
-be
In base 14, what is b03 - -856?
1559
In base 8, what is 1346225 + -44?
1346161
In base 6, what is 21240 + -21352?
-112
In base 12, what is 397 + 4236?
4611
In base 8, what is -2067 - -25510?
23421
In base 12, what is 3060ab - -4?
3060b3
In base 11, what is -2727647 + 17?
-2727630
In base 7, what is -23 - -235164321?
235164265
In base 14, what is -44a - -604a?
5a00
In base 2, what is -100000 - -100111110100001000?
100111110011101000
In base 7, what is 622623433 - -11?
622623444
In base 10, what is 6633 + -2839?
3794
In base 8, what is -1316 + 1752?
434
In base 6, what is -111411 + 1110?
-110301
In base 3, what is 11 + 212111110121211?
212111110121222
In base 9, what is 4055 + 123263?
127328
In base 16, what is -aeb - -7c9a?
71af
In base 16, what is -5a28 + -4ba5?
-a5cd
In base 11, what is -50 - -2897334?
2897294
In base 11, what is 0 - 28370315?
-28370315
In base 6, what is -140323 - 10352?
-151115
In base 16, what is -3 + 1cc3149?
1cc3146
In base 7, what is -11312 - 4443?
-16055
In base 10, what is 0 + 102057275?
102057275
In base 4, what is 212131023323 - 11?
212131023312
In base 7, what is -20054540 + 36?
-20054501
In base 9, what is -103255563 + 5?
-103255557
In base 13, what is -5815c1c - 1?
-5815c20
In base 14, what is -34a4 - -1b5?
-32cd
In base 14, what is 41724b + 6?
417253
In base 12, what is -7b35 - 16b08?
-22a41
In base 2, what is 11001110101101010 - 10000101?
11001110011100101
In base 4, what is 13201231 + -2330131?
10211100
In base 6, what is 1012 - -315220?
320232
In base 8, what is -362650601 + 3?
-362650576
In base 8, what is 3761621 - -134?
3761755
In base 8, what is 7134577 - 7?
7134570
In base 4, what is 1031 + 313023021?
313030112
In base 10, what is -58936 + 21134?
-37802
In base 11, what is -151988 + -60?
-151a38
In base 11, what is -4 - 276599?
-2765a2
In base 13, what is -5 - -ba62391?
ba62389
In base 3, what is 21112121000 + -22?
21112120201
In base 4, what is -33310023 - 132?
-33310221
In base 3, what is 12102 + -21012202?
-21000100
In base 5, what is -444210423 - 340?
-444211313
In base 2, what is -10 + -11010001111101100000001?
-11010001111101100000011
In base 3, what is 11022 + -10022212111?
-10022201012
In base 15, what is 7 + -35221cd?
-35221c6
In base 15, what is 4 - 34168e?
-34168a
In base 9, what is 14322231 - -1?
14322232
In base 11, what is 5 + -178662?
-178658
In base 11, what is -5504 - 1501?
-6a05
In base 15, what is -14cdb - -30?
-14cab
In base 2, what is -100 - 1110111101011111001011?
-1110111101011111001111
In base 11, what is 6666 + -1374?
52a2
In base 15, what is -c69bc - 345?
-c6d12
In base 16, what is 4 + c5159d?
c515a1
In base 16, what is -bd6d75 + -3?
-bd6d78
In base 15, what is 177e + -a614?
-8d85
In base 13, what is 788a9a - 26?
788a74
In base 3, what is -1010122 - 1222122?
-10010021
In base 8, what is 5066 - 436550?
-431462
In base 10, what is -1 - -39390?
39389
In base 4, what is -333111202 + -123?
-333111331
In base 3, what is 120 + -112022112222?
-112022112102
In base 11, what is 3 - -53642a?
536432
In base 2, what is -11001100010100 + 1110001011011010?
1010111111000110
In base 2, what is -1 + -101111011100010101010011?
-101111011100010101010100
In base 8, what is 267244 - -317?
267563
In base 12, what is 310 + 3aa84?
3b194
In base 4, what is -1 - 10021031301002?
-10021031301003
In base 10, what is 85 - 60703?
-60618
In base 14, what is 1580374 - -31?
15803a5
In base 12, what is 1874 - -183b7?
1a06b
In base 15, what is -937403 + -e?
-937412
In base 5, what is 223314303213 - -3?
223314303221
In base 16, what is -b + 3fcc41?
3fcc36
In base 9, what is -267 - -48180?
47812
In base 9, what is 273468306 - 1?
273468305
In base 12, what is -365 - -9129?
8984
In base 15, what is 185c + -965?
de7
In base 5, what is 13304034 - 12002?
13242032
In base 2, what is -1111000001100110 - 1110101?
-1111000011011011
In base 8, what is -21054633 - 2?
-21054635
In base 10, what is 7 + 72068897?
72068904
In base 6, what is -212505135335 - 2?
-212505135341
In base 8, what is 4770713 - -6?
4770721
In base 6, what is -1244225 + -2403?
-1251032
In base 7, what is -